{"id":263,"date":"2021-06-24T03:13:11","date_gmt":"2021-06-24T07:13:11","guid":{"rendered":"https:\/\/xn--qubec-csa.tk\/local\/?page_id=263"},"modified":"2022-12-05T18:16:01","modified_gmt":"2022-12-05T23:16:01","slug":"annuaire","status":"publish","type":"page","link":"https:\/\/xn--qubec-csa.tk\/local\/annuaire\/","title":{"rendered":"Cat\u00e9gories"},"content":{"rendered":"\n<h2 class=\"has-text-align-center wp-block-heading\">Explorez les cat\u00e9gories<\/h2>\n\n\n\n<p class=\"has-text-align-center\">D\u00e9couvrez tout ce que la ville a \u00e0 offrir en naviguant par cat\u00e9gorie<\/p>\n\n\n\n<!--more-->\n\n\n <form class=\"hp-form--wide hp-form--primary hp-block hp-form hp-form--listing-search\" action=\"https:\/\/xn--qubec-csa.tk\/local\" method=\"GET\" data-component=\"form\"><div class=\"hp-form__messages\" data-component=\"messages\"><\/div><div class=\"hp-form__fields\"><input type=\"hidden\" name=\"post_type\" value=\"hp_listing\" class=\"hp-field hp-field--hidden\"><input type=\"hidden\" name=\"latitude\" value=\"\" data-coordinate=\"lat\" class=\"hp-field hp-field--hidden\"><input type=\"hidden\" name=\"longitude\" value=\"\" data-coordinate=\"lng\" class=\"hp-field hp-field--hidden\"><input type=\"hidden\" name=\"_region\" value=\"\" data-region=\"data-region\" class=\"hp-field hp-field--hidden\"><div class=\"hp-form__field hp-form__field--search\"><input type=\"search\" name=\"s\" value=\"\" placeholder=\"Mots-cl\u00e9s\" maxlength=\"256\" class=\"hp-field hp-field--search\"><\/div><div class=\"hp-form__field hp-form__field--location\"><div data-format=\"\" data-countries=\"[&quot;CA&quot;]\" data-region-types=\"[&quot;region&quot;,&quot;district&quot;,&quot;place&quot;,&quot;locality&quot;]\" data-component=\"location\" class=\"hp-field hp-field--location\"><input type=\"text\" name=\"location\" value=\"\" autocomplete=\"off\" placeholder=\"Emplacement\" maxlength=\"256\" class=\"hp-field hp-field--text\"><a href=\"#\" title=\"Me localiser\"><i class=\"hp-icon fas fa-location-arrow\"><\/i><\/a><\/div><\/div><div class=\"hp-form__field hp-form__field--select\"><select name=\"_category\" data-component=\"select\" class=\"hp-field hp-field--select\"><option value=\"\">Toutes les cat\u00e9gories<\/option><option value=\"11\">Activit\u00e9s<\/option><option value=\"327\" data-level=\"1\" data-parent=\"11\">Sports<\/option><option value=\"62\" data-level=\"2\" data-parent=\"327\">Stades et ar\u00e9nas<\/option><option value=\"328\" data-level=\"2\" data-parent=\"327\">Centres de ski<\/option><option value=\"329\" data-level=\"2\" data-parent=\"327\">\u00c9quipes sportives<\/option><option value=\"330\" data-level=\"2\" data-parent=\"327\">Patinoires ext\u00e9rieures<\/option><option value=\"331\" data-level=\"2\" data-parent=\"327\">Terrains de golf<\/option><option value=\"59\" data-level=\"2\" data-parent=\"327\">Piscines publiques<\/option><option value=\"12\" data-level=\"1\" data-parent=\"11\">\u00c9v\u00e9nements<\/option><option value=\"320\" data-level=\"1\" data-parent=\"11\">Arts et culture<\/option><option value=\"321\" data-level=\"2\" data-parent=\"320\">Cin\u00e9mas<\/option><option value=\"66\" data-level=\"2\" data-parent=\"320\">Mus\u00e9es<\/option><option value=\"68\" data-level=\"2\" data-parent=\"320\">Salles de spectacle<\/option><option value=\"67\" data-level=\"1\" data-parent=\"11\">Plein air<\/option><option value=\"326\" data-level=\"2\" data-parent=\"67\">Tra\u00eeneau \u00e0 chien<\/option><option value=\"322\" data-level=\"2\" data-parent=\"67\">Parcs et r\u00e9serves naturelles<\/option><option value=\"324\" data-level=\"2\" data-parent=\"67\">Bases de plein air<\/option><option value=\"325\" data-level=\"2\" data-parent=\"67\">Cabanes \u00e0 sucre<\/option><option value=\"323\" data-level=\"1\" data-parent=\"11\">Tourisme<\/option><option value=\"64\" data-level=\"2\" data-parent=\"323\">Information touristique<\/option><option value=\"65\" data-level=\"2\" data-parent=\"323\">Lieux d&#039;int\u00e9r\u00eat<\/option><option value=\"332\" data-level=\"2\" data-parent=\"323\">Cal\u00e8ches<\/option><option value=\"333\" data-level=\"2\" data-parent=\"323\">Croisi\u00e8res<\/option><option value=\"200\" data-level=\"2\" data-parent=\"323\">Visites guid\u00e9es<\/option><option value=\"7\">Restaurants<\/option><option value=\"8\">Bars<\/option><option value=\"9\">H\u00e9bergement<\/option><option value=\"40\" data-level=\"1\" data-parent=\"9\">Terrains de camping<\/option><option value=\"36\" data-level=\"1\" data-parent=\"9\">Auberges de jeunesse<\/option><option value=\"37\" data-level=\"1\" data-parent=\"9\">Couettes et caf\u00e9s<\/option><option value=\"38\" data-level=\"1\" data-parent=\"9\">H\u00f4tels<\/option><option value=\"39\" data-level=\"1\" data-parent=\"9\">Motels<\/option><option value=\"13\">Boutiques<\/option><option value=\"18\" data-level=\"1\" data-parent=\"13\">Animaleries<\/option><option value=\"29\" data-level=\"1\" data-parent=\"13\">Librairies<\/option><option value=\"19\" data-level=\"1\" data-parent=\"13\">Bijouteries<\/option><option value=\"30\" data-level=\"1\" data-parent=\"13\">Meubles et \u00e9lectrom\u00e9nagers<\/option><option value=\"20\" data-level=\"1\" data-parent=\"13\">Boutiques sp\u00e9cialis\u00e9es<\/option><option value=\"31\" data-level=\"1\" data-parent=\"13\">Pharmacies<\/option><option value=\"21\" data-level=\"1\" data-parent=\"13\">Cannabis<\/option><option value=\"32\" data-level=\"1\" data-parent=\"13\">Quincailleries<\/option><option value=\"22\" data-level=\"1\" data-parent=\"13\">Centres commerciaux<\/option><option value=\"33\" data-level=\"1\" data-parent=\"13\">Tabagies<\/option><option value=\"23\" data-level=\"1\" data-parent=\"13\">Disquaires<\/option><option value=\"34\" data-level=\"1\" data-parent=\"13\">V\u00e9los<\/option><option value=\"24\" data-level=\"1\" data-parent=\"13\">\u00c9lectronique<\/option><option value=\"35\" data-level=\"1\" data-parent=\"13\">V\u00eatements et mode<\/option><option value=\"25\" data-level=\"1\" data-parent=\"13\">Fleuristes<\/option><option value=\"26\" data-level=\"1\" data-parent=\"13\">Friperies et brocantes<\/option><option value=\"27\" data-level=\"1\" data-parent=\"13\">Galeries d&#039;art<\/option><option value=\"28\" data-level=\"1\" data-parent=\"13\">Instruments de musique<\/option><option value=\"10\">Alimentation<\/option><option value=\"72\" data-level=\"1\" data-parent=\"10\">Caf\u00e9s et br\u00fbleries<\/option><option value=\"73\" data-level=\"1\" data-parent=\"10\">\u00c9piceries de quartier et d\u00e9panneurs<\/option><option value=\"74\" data-level=\"1\" data-parent=\"10\">\u00c9piceries fines et sp\u00e9cialis\u00e9es<\/option><option value=\"75\" data-level=\"1\" data-parent=\"10\">March\u00e9s publics<\/option><option value=\"76\" data-level=\"1\" data-parent=\"10\">Poissonneries<\/option><option value=\"77\" data-level=\"1\" data-parent=\"10\">Salons de th\u00e9<\/option><option value=\"78\" data-level=\"1\" data-parent=\"10\">Supermarch\u00e9s<\/option><option value=\"79\" data-level=\"1\" data-parent=\"10\">Vins et spiritueux<\/option><option value=\"69\" data-level=\"1\" data-parent=\"10\">Bars laitiers<\/option><option value=\"70\" data-level=\"1\" data-parent=\"10\">Boucheries et charcuteries<\/option><option value=\"71\" data-level=\"1\" data-parent=\"10\">Boulangeries<\/option><option value=\"14\">Services<\/option><option value=\"50\" data-level=\"1\" data-parent=\"14\">Luthiers<\/option><option value=\"51\" data-level=\"1\" data-parent=\"14\">Optom\u00e9tristes<\/option><option value=\"41\" data-level=\"1\" data-parent=\"14\">Banques<\/option><option value=\"52\" data-level=\"1\" data-parent=\"14\">Reprographie<\/option><option value=\"42\" data-level=\"1\" data-parent=\"14\">Bureaux de change<\/option><option value=\"53\" data-level=\"1\" data-parent=\"14\">Salons de coiffure et barbiers<\/option><option value=\"43\" data-level=\"1\" data-parent=\"14\">Caf\u00e9s Internet et WiFi<\/option><option value=\"54\" data-level=\"1\" data-parent=\"14\">V\u00e9t\u00e9rinaires<\/option><option value=\"44\" data-level=\"1\" data-parent=\"14\">Cliniques dentaires<\/option><option value=\"45\" data-level=\"1\" data-parent=\"14\">Cliniques m\u00e9dicales<\/option><option value=\"46\" data-level=\"1\" data-parent=\"14\">Garages<\/option><option value=\"47\" data-level=\"1\" data-parent=\"14\">Guichets automatiques<\/option><option value=\"48\" data-level=\"1\" data-parent=\"14\">Gyms et salles de sport<\/option><option value=\"49\" data-level=\"1\" data-parent=\"14\">Lavoirs et buanderies<\/option><option value=\"15\">Services publics<\/option><option value=\"61\" data-level=\"1\" data-parent=\"15\">Pompiers<\/option><option value=\"63\" data-level=\"1\" data-parent=\"15\">Toilettes publiques<\/option><option value=\"55\" data-level=\"1\" data-parent=\"15\">Biblioth\u00e8ques<\/option><option value=\"56\" data-level=\"1\" data-parent=\"15\">Bureaux de poste<\/option><option value=\"57\" data-level=\"1\" data-parent=\"15\">\u00c9coles<\/option><option value=\"58\" data-level=\"1\" data-parent=\"15\">H\u00f4pitaux<\/option><option value=\"60\" data-level=\"1\" data-parent=\"15\">Police<\/option><option value=\"16\">Transports et stationnement<\/option><option value=\"93\" data-level=\"1\" data-parent=\"16\">Location de voitures<\/option><option value=\"94\" data-level=\"1\" data-parent=\"16\">Parkings publics<\/option><option value=\"95\" data-level=\"1\" data-parent=\"16\">Stations de m\u00e9tro<\/option><option value=\"96\" data-level=\"1\" data-parent=\"16\">Stations-service<\/option><option value=\"97\" data-level=\"1\" data-parent=\"16\">Traversiers<\/option><option value=\"98\" data-level=\"1\" data-parent=\"16\">Covoiturage<\/option><option value=\"88\" data-level=\"1\" data-parent=\"16\">A\u00e9roports<\/option><option value=\"99\" data-level=\"1\" data-parent=\"16\">Autopartage<\/option><option value=\"89\" data-level=\"1\" data-parent=\"16\">Arr\u00eats de bus<\/option><option value=\"90\" data-level=\"1\" data-parent=\"16\">Bornes de recharge<\/option><option value=\"91\" data-level=\"1\" data-parent=\"16\">Gares d&#039;autocars<\/option><option value=\"477\" data-level=\"1\" data-parent=\"16\">V\u00e9lopartage<\/option><option value=\"92\" data-level=\"1\" data-parent=\"16\">Gares de trains<\/option><option value=\"17\">Communaut\u00e9<\/option><option value=\"82\" data-level=\"1\" data-parent=\"17\">G\u00eetes jeunesse<\/option><option value=\"83\" data-level=\"1\" data-parent=\"17\">Jardins communautaires<\/option><option value=\"84\" data-level=\"1\" data-parent=\"17\">Lieux de culte<\/option><option value=\"85\" data-level=\"1\" data-parent=\"17\">Refuges pour sans-abris<\/option><option value=\"86\" data-level=\"1\" data-parent=\"17\">Soupes communautaires<\/option><option value=\"87\" data-level=\"1\" data-parent=\"17\">Vestiaires populaires<\/option><option value=\"80\" data-level=\"1\" data-parent=\"17\">Aide alimentaire<\/option><option value=\"81\" data-level=\"1\" data-parent=\"17\">Coop\u00e9ratives d&#039;habitation<\/option><option value=\"196\">Information et m\u00e9dias<\/option><option value=\"302\" data-level=\"1\" data-parent=\"196\">Journaux et magazines<\/option><option value=\"303\" data-level=\"1\" data-parent=\"196\">Radio locale<\/option><option value=\"304\" data-level=\"1\" data-parent=\"196\">T\u00e9l\u00e9vision locale<\/option><option value=\"305\" data-level=\"1\" data-parent=\"196\">Webcams<\/option><option value=\"300\" data-level=\"1\" data-parent=\"196\">Blogues<\/option><option value=\"301\" data-level=\"1\" data-parent=\"196\">M\u00e9dias en ligne<\/option><option value=\"334\">Inclassables<\/option><\/select><\/div><\/div><div class=\"hp-form__footer\"><button type=\"submit\" class=\"hp-form__button button-primary alt button hp-field hp-field--submit\"><span>Recherche<\/span><\/button><\/div><\/form>\n\n <div class=\"hp-listing-categories hp-grid hp-block\"><div class=\"hp-row\"><div class=\"hp-grid__item hp-col-sm-4 hp-col-xs-12\"><article class=\"hp-listing-category hp-listing-category--view-block\"><header class=\"hp-listing-category__header\"><div class=\"hp-listing-category__image\">\n\t<a href=\"https:\/\/xn--qubec-csa.tk\/local\/annuaire\/activites\/\">\n\t\t\t\t\t<img decoding=\"async\" src=\"https:\/\/xn--qubec-csa.tk\/local\/wp-content\/themes\/listinghive\/vendor\/hivepress\/hivetheme\/assets\/images\/placeholders\/image-portrait.svg\" alt=\"Activit\u00e9s\" loading=\"lazy\">\n\t\t\t<\/a>\n<\/div>\n<div class=\"hp-listing-category__item-count hp-listing-category__count\">0 entr\u00e9e<\/div>\n<\/header><div class=\"hp-listing-category__content\"><h3 class=\"hp-listing-category__name\"><a href=\"https:\/\/xn--qubec-csa.tk\/local\/annuaire\/activites\/\">Activit\u00e9s<\/a>\n<\/h3><div class=\"hp-listing-category__details hp-listing-category__details--primary\"><\/div><\/div><\/article><\/div><div class=\"hp-grid__item hp-col-sm-4 hp-col-xs-12\"><article class=\"hp-listing-category hp-listing-category--view-block\"><header class=\"hp-listing-category__header\"><div class=\"hp-listing-category__image\">\n\t<a href=\"https:\/\/xn--qubec-csa.tk\/local\/annuaire\/restaurants\/\">\n\t\t\t\t\t<img decoding=\"async\" src=\"https:\/\/xn--qubec-csa.tk\/local\/wp-content\/themes\/listinghive\/vendor\/hivepress\/hivetheme\/assets\/images\/placeholders\/image-portrait.svg\" alt=\"Restaurants\" loading=\"lazy\">\n\t\t\t<\/a>\n<\/div>\n<div class=\"hp-listing-category__item-count hp-listing-category__count\">1 entr\u00e9e<\/div>\n<\/header><div class=\"hp-listing-category__content\"><h3 class=\"hp-listing-category__name\"><a href=\"https:\/\/xn--qubec-csa.tk\/local\/annuaire\/restaurants\/\">Restaurants<\/a>\n<\/h3><div class=\"hp-listing-category__details hp-listing-category__details--primary\"><\/div><\/div><\/article><\/div><div class=\"hp-grid__item hp-col-sm-4 hp-col-xs-12\"><article class=\"hp-listing-category hp-listing-category--view-block\"><header class=\"hp-listing-category__header\"><div class=\"hp-listing-category__image\">\n\t<a href=\"https:\/\/xn--qubec-csa.tk\/local\/annuaire\/bars\/\">\n\t\t\t\t\t<img decoding=\"async\" src=\"https:\/\/xn--qubec-csa.tk\/local\/wp-content\/themes\/listinghive\/vendor\/hivepress\/hivetheme\/assets\/images\/placeholders\/image-portrait.svg\" alt=\"Bars\" loading=\"lazy\">\n\t\t\t<\/a>\n<\/div>\n<div class=\"hp-listing-category__item-count hp-listing-category__count\">0 entr\u00e9e<\/div>\n<\/header><div class=\"hp-listing-category__content\"><h3 class=\"hp-listing-category__name\"><a href=\"https:\/\/xn--qubec-csa.tk\/local\/annuaire\/bars\/\">Bars<\/a>\n<\/h3><div class=\"hp-listing-category__details hp-listing-category__details--primary\"><\/div><\/div><\/article><\/div><div class=\"hp-grid__item hp-col-sm-4 hp-col-xs-12\"><article class=\"hp-listing-category hp-listing-category--view-block\"><header class=\"hp-listing-category__header\"><div class=\"hp-listing-category__image\">\n\t<a href=\"https:\/\/xn--qubec-csa.tk\/local\/annuaire\/hebergement\/\">\n\t\t\t\t\t<img decoding=\"async\" src=\"https:\/\/xn--qubec-csa.tk\/local\/wp-content\/themes\/listinghive\/vendor\/hivepress\/hivetheme\/assets\/images\/placeholders\/image-portrait.svg\" alt=\"H\u00e9bergement\" loading=\"lazy\">\n\t\t\t<\/a>\n<\/div>\n<div class=\"hp-listing-category__item-count hp-listing-category__count\">1 entr\u00e9e<\/div>\n<\/header><div class=\"hp-listing-category__content\"><h3 class=\"hp-listing-category__name\"><a href=\"https:\/\/xn--qubec-csa.tk\/local\/annuaire\/hebergement\/\">H\u00e9bergement<\/a>\n<\/h3><div class=\"hp-listing-category__details hp-listing-category__details--primary\"><\/div><\/div><\/article><\/div><div class=\"hp-grid__item hp-col-sm-4 hp-col-xs-12\"><article class=\"hp-listing-category hp-listing-category--view-block\"><header class=\"hp-listing-category__header\"><div class=\"hp-listing-category__image\">\n\t<a href=\"https:\/\/xn--qubec-csa.tk\/local\/annuaire\/boutiques\/\">\n\t\t\t\t\t<img decoding=\"async\" src=\"https:\/\/xn--qubec-csa.tk\/local\/wp-content\/themes\/listinghive\/vendor\/hivepress\/hivetheme\/assets\/images\/placeholders\/image-portrait.svg\" alt=\"Boutiques\" loading=\"lazy\">\n\t\t\t<\/a>\n<\/div>\n<div class=\"hp-listing-category__item-count hp-listing-category__count\">0 entr\u00e9e<\/div>\n<\/header><div class=\"hp-listing-category__content\"><h3 class=\"hp-listing-category__name\"><a href=\"https:\/\/xn--qubec-csa.tk\/local\/annuaire\/boutiques\/\">Boutiques<\/a>\n<\/h3><div class=\"hp-listing-category__details hp-listing-category__details--primary\"><\/div><\/div><\/article><\/div><div class=\"hp-grid__item hp-col-sm-4 hp-col-xs-12\"><article class=\"hp-listing-category hp-listing-category--view-block\"><header class=\"hp-listing-category__header\"><div class=\"hp-listing-category__image\">\n\t<a href=\"https:\/\/xn--qubec-csa.tk\/local\/annuaire\/alimentation\/\">\n\t\t\t\t\t<img decoding=\"async\" src=\"https:\/\/xn--qubec-csa.tk\/local\/wp-content\/themes\/listinghive\/vendor\/hivepress\/hivetheme\/assets\/images\/placeholders\/image-portrait.svg\" alt=\"Alimentation\" loading=\"lazy\">\n\t\t\t<\/a>\n<\/div>\n<div class=\"hp-listing-category__item-count hp-listing-category__count\">1 entr\u00e9e<\/div>\n<\/header><div class=\"hp-listing-category__content\"><h3 class=\"hp-listing-category__name\"><a href=\"https:\/\/xn--qubec-csa.tk\/local\/annuaire\/alimentation\/\">Alimentation<\/a>\n<\/h3><div class=\"hp-listing-category__details hp-listing-category__details--primary\"><\/div><\/div><\/article><\/div><div class=\"hp-grid__item hp-col-sm-4 hp-col-xs-12\"><article class=\"hp-listing-category hp-listing-category--view-block\"><header class=\"hp-listing-category__header\"><div class=\"hp-listing-category__image\">\n\t<a href=\"https:\/\/xn--qubec-csa.tk\/local\/annuaire\/services\/\">\n\t\t\t\t\t<img decoding=\"async\" src=\"https:\/\/xn--qubec-csa.tk\/local\/wp-content\/themes\/listinghive\/vendor\/hivepress\/hivetheme\/assets\/images\/placeholders\/image-portrait.svg\" alt=\"Services\" loading=\"lazy\">\n\t\t\t<\/a>\n<\/div>\n<div class=\"hp-listing-category__item-count hp-listing-category__count\">0 entr\u00e9e<\/div>\n<\/header><div class=\"hp-listing-category__content\"><h3 class=\"hp-listing-category__name\"><a href=\"https:\/\/xn--qubec-csa.tk\/local\/annuaire\/services\/\">Services<\/a>\n<\/h3><div class=\"hp-listing-category__details hp-listing-category__details--primary\"><\/div><\/div><\/article><\/div><div class=\"hp-grid__item hp-col-sm-4 hp-col-xs-12\"><article class=\"hp-listing-category hp-listing-category--view-block\"><header class=\"hp-listing-category__header\"><div class=\"hp-listing-category__image\">\n\t<a href=\"https:\/\/xn--qubec-csa.tk\/local\/annuaire\/services-publics\/\">\n\t\t\t\t\t<img decoding=\"async\" src=\"https:\/\/xn--qubec-csa.tk\/local\/wp-content\/themes\/listinghive\/vendor\/hivepress\/hivetheme\/assets\/images\/placeholders\/image-portrait.svg\" alt=\"Services publics\" loading=\"lazy\">\n\t\t\t<\/a>\n<\/div>\n<div class=\"hp-listing-category__item-count hp-listing-category__count\">0 entr\u00e9e<\/div>\n<\/header><div class=\"hp-listing-category__content\"><h3 class=\"hp-listing-category__name\"><a href=\"https:\/\/xn--qubec-csa.tk\/local\/annuaire\/services-publics\/\">Services publics<\/a>\n<\/h3><div class=\"hp-listing-category__details hp-listing-category__details--primary\"><\/div><\/div><\/article><\/div><div class=\"hp-grid__item hp-col-sm-4 hp-col-xs-12\"><article class=\"hp-listing-category hp-listing-category--view-block\"><header class=\"hp-listing-category__header\"><div class=\"hp-listing-category__image\">\n\t<a href=\"https:\/\/xn--qubec-csa.tk\/local\/annuaire\/transports-et-stationnement\/\">\n\t\t\t\t\t<img decoding=\"async\" src=\"https:\/\/xn--qubec-csa.tk\/local\/wp-content\/themes\/listinghive\/vendor\/hivepress\/hivetheme\/assets\/images\/placeholders\/image-portrait.svg\" alt=\"Transports et stationnement\" loading=\"lazy\">\n\t\t\t<\/a>\n<\/div>\n<div class=\"hp-listing-category__item-count hp-listing-category__count\">0 entr\u00e9e<\/div>\n<\/header><div class=\"hp-listing-category__content\"><h3 class=\"hp-listing-category__name\"><a href=\"https:\/\/xn--qubec-csa.tk\/local\/annuaire\/transports-et-stationnement\/\">Transports et stationnement<\/a>\n<\/h3><div class=\"hp-listing-category__details hp-listing-category__details--primary\"><\/div><\/div><\/article><\/div><div class=\"hp-grid__item hp-col-sm-4 hp-col-xs-12\"><article class=\"hp-listing-category hp-listing-category--view-block\"><header class=\"hp-listing-category__header\"><div class=\"hp-listing-category__image\">\n\t<a href=\"https:\/\/xn--qubec-csa.tk\/local\/annuaire\/communaute\/\">\n\t\t\t\t\t<img decoding=\"async\" src=\"https:\/\/xn--qubec-csa.tk\/local\/wp-content\/themes\/listinghive\/vendor\/hivepress\/hivetheme\/assets\/images\/placeholders\/image-portrait.svg\" alt=\"Communaut\u00e9\" loading=\"lazy\">\n\t\t\t<\/a>\n<\/div>\n<div class=\"hp-listing-category__item-count hp-listing-category__count\">0 entr\u00e9e<\/div>\n<\/header><div class=\"hp-listing-category__content\"><h3 class=\"hp-listing-category__name\"><a href=\"https:\/\/xn--qubec-csa.tk\/local\/annuaire\/communaute\/\">Communaut\u00e9<\/a>\n<\/h3><div class=\"hp-listing-category__details hp-listing-category__details--primary\"><\/div><\/div><\/article><\/div><div class=\"hp-grid__item hp-col-sm-4 hp-col-xs-12\"><article class=\"hp-listing-category hp-listing-category--view-block\"><header class=\"hp-listing-category__header\"><div class=\"hp-listing-category__image\">\n\t<a href=\"https:\/\/xn--qubec-csa.tk\/local\/annuaire\/information-et-medias\/\">\n\t\t\t\t\t<img decoding=\"async\" src=\"https:\/\/xn--qubec-csa.tk\/local\/wp-content\/themes\/listinghive\/vendor\/hivepress\/hivetheme\/assets\/images\/placeholders\/image-portrait.svg\" alt=\"Information et m\u00e9dias\" loading=\"lazy\">\n\t\t\t<\/a>\n<\/div>\n<div class=\"hp-listing-category__item-count hp-listing-category__count\">1 entr\u00e9e<\/div>\n<\/header><div class=\"hp-listing-category__content\"><h3 class=\"hp-listing-category__name\"><a href=\"https:\/\/xn--qubec-csa.tk\/local\/annuaire\/information-et-medias\/\">Information et m\u00e9dias<\/a>\n<\/h3><div class=\"hp-listing-category__details hp-listing-category__details--primary\"><\/div><\/div><\/article><\/div><div class=\"hp-grid__item hp-col-sm-4 hp-col-xs-12\"><article class=\"hp-listing-category hp-listing-category--view-block\"><header class=\"hp-listing-category__header\"><div class=\"hp-listing-category__image\">\n\t<a href=\"https:\/\/xn--qubec-csa.tk\/local\/annuaire\/inclassables\/\">\n\t\t\t\t\t<img decoding=\"async\" src=\"https:\/\/xn--qubec-csa.tk\/local\/wp-content\/themes\/listinghive\/vendor\/hivepress\/hivetheme\/assets\/images\/placeholders\/image-portrait.svg\" alt=\"Inclassables\" loading=\"lazy\">\n\t\t\t<\/a>\n<\/div>\n<div class=\"hp-listing-category__item-count hp-listing-category__count\">0 entr\u00e9e<\/div>\n<\/header><div class=\"hp-listing-category__content\"><h3 class=\"hp-listing-category__name\"><a href=\"https:\/\/xn--qubec-csa.tk\/local\/annuaire\/inclassables\/\">Inclassables<\/a>\n<\/h3><div class=\"hp-listing-category__details hp-listing-category__details--primary\"><\/div><\/div><\/article><\/div><\/div><\/div>","protected":false},"excerpt":{"rendered":"<p>Explorez les cat\u00e9gories D\u00e9couvrez tout ce que la ville a \u00e0 offrir en naviguant par cat\u00e9gorie<\/p>\n","protected":false},"author":1,"featured_media":0,"parent":0,"menu_order":0,"comment_status":"closed","ping_status":"closed","template":"","meta":{"footnotes":""},"class_list":["post-263","page","type-page","status-publish","hentry"],"_links":{"self":[{"href":"https:\/\/xn--qubec-csa.tk\/local\/wp-json\/wp\/v2\/pages\/263","targetHints":{"allow":["GET"]}}],"collection":[{"href":"https:\/\/xn--qubec-csa.tk\/local\/wp-json\/wp\/v2\/pages"}],"about":[{"href":"https:\/\/xn--qubec-csa.tk\/local\/wp-json\/wp\/v2\/types\/page"}],"author":[{"embeddable":true,"href":"https:\/\/xn--qubec-csa.tk\/local\/wp-json\/wp\/v2\/users\/1"}],"replies":[{"embeddable":true,"href":"https:\/\/xn--qubec-csa.tk\/local\/wp-json\/wp\/v2\/comments?post=263"}],"version-history":[{"count":0,"href":"https:\/\/xn--qubec-csa.tk\/local\/wp-json\/wp\/v2\/pages\/263\/revisions"}],"wp:attachment":[{"href":"https:\/\/xn--qubec-csa.tk\/local\/wp-json\/wp\/v2\/media?parent=263"}],"curies":[{"name":"wp","href":"https:\/\/api.w.org\/{rel}","templated":true}]}}